4 and 34.
34
What is the greatest common factor of 3055 and 7332?
611
What is the greatest common divisor of 222 and 938505?
111
Calculate the greatest common divisor of 1734 and 8823.
51
What is the highest common divisor of 573331 and 55?
11
Calculate the greatest common factor of 10 and 3722.
2
What is the greatest common divisor of 586704 and 32?
16
What is the highest common divisor of 360 and 34520?
40
What is the highest common divisor of 216426 and 105?
21
Calculate the highest common divisor of 886 and 22.
2
What is the highest common factor of 909 and 9292?
101
What is the highest common divisor of 1112 and 284950?
278
Calculate the greatest common divisor of 354 and 3540.
354
What is the greatest common divisor of 910 and 255346?
182
What is the greatest common factor of 547 and 215518?
547
Calculate the highest common factor of 455 and 22035.
65
Calculate the greatest common factor of 11 and 1277320.
11
Calculate the highest common factor of 17 and 3406919.
17
Calculate the highest common factor of 3473 and 253.
23
Calculate the greatest common divisor of 193 and 18721.
193
What is the greatest common divisor of 2300 and 6348?
92
What is the highest common divisor of 195 and 63999?
39
What is the highest common factor of 120 and 3491120?
40
What is the highest common factor of 481995 and 180?
45
What is the greatest common divisor of 4674660 and 51?
51
Calculate the greatest common divisor of 276 and 8728.
4
What is the highest common factor of 3692049 and 339?
339
Calculate the greatest common divisor of 2 and 729.
1
Calculate the highest common factor of 9299 and 17.
17
What is the greatest common divisor of 622099 and 794?
397
What is the greatest common factor of 70 and 175378?
14
What is the highest common factor of 53328 and 606?
606
What is the highest common factor of 267878 and 169?
13
Calculate the highest common factor of 6648 and 792.
24
What is the highest common factor of 25 and 101275?
25
What is the greatest common divisor of 172844 and 28?
28
What is the greatest common factor of 100045 and 2140?
535
What is the highest common divisor of 442128 and 3?
3
Calculate the greatest common divisor of 7278120 and 24.
24
Calculate the highest common factor of 19 and 2690571.
19
Calculate the greatest common divisor of 197640 and 23220.
540
What is the greatest common factor of 115691 and 152?
19
What is the highest common factor of 6086 and 2506?
358
Calculate the greatest common factor of 40 and 4125.
5
Calculate the greatest common divisor of 74226 and 2314.
178
Calculate the greatest common factor of 2 and 16941.
1
What is the highest common divisor of 165456 and 15120?
432
Calculate the highest common divisor of 66044 and 395.
79
What is the greatest common factor of 715 and 3445?
65
Calculate the greatest common factor of 2171718 and 1228.
614
What is the greatest common factor of 27 and 1025919?
27
What is the highest common factor of 2690 and 530?
10
Calculate the greatest common factor of 62 and 46.
2
Calculate the greatest common factor of 38180 and 2300.
460
Calculate the highest common divisor of 11 and 541695.
11
What is the highest common divisor of 297 and 561?
33
Calculate the greatest common divisor of 994665 and 1785.
105
What is the highest common divisor of 1001 and 16093?
77
What is the highest common divisor of 21 and 368256?
21
What is the highest common factor of 31956 and 264?
12
What is the highest common factor of 63500 and 3048?
508
Calculate the greatest common divisor of 80029 and 25140.
419
Calculate the highest common divisor of 209 and 1584.
11
Calculate the greatest common divisor of 795934 and 58.
58
What is the highest common divisor of 678 and 488612?
226
What is the greatest common divisor of 390642 and 10224?
426
Calculate the highest common factor of 247 and 17368.
13
What is the highest common divisor of 10380784 and 186?
62
What is the greatest common divisor of 17 and 83504?
17
Calculate the greatest common divisor of 1530018 and 210.
42
Calculate the highest common divisor of 4861060 and 740.
740
Calculate the highest common divisor of 2493 and 261.
9
What is the highest common factor of 4867783 and 508?
127
Calculate the greatest common divisor of 26784 and 217.
31
What is the highest common factor of 3192 and 294348?
228
Calculate the highest common factor of 66 and 21956.
22
Calculate the greatest common factor of 18761 and 803.
73
What is the greatest common factor of 1232 and 27412?
308
Calculate the highest common factor of 14319 and 888.
111
What is the highest common factor of 11470937 and 17?
17
What is the highest common divisor of 135224 and 16?
8
What is the highest common factor of 35784 and 99?
9
Calculate the greatest common divisor of 7590 and 90.
30
Calculate the greatest common factor of 2740 and 63040.
20
Calculate the highest common factor of 75818 and 334.
334
Calculate the greatest common factor of 5894 and 2268.
14
Calculate the highest common factor of 480 and 66180.
60
What is the highest common divisor of 2 and 10280?
2
What is the highest common factor of 1127 and 3703?
161
What is the highest common factor of 472 and 20296?
472
What is the greatest common factor of 58483 and 24096?
251
What is the greatest common divisor of 20 and 1497140?
20
What is the highest common divisor of 552 and 575?
23
Calculate the greatest common divisor of 272 and 19720.
136
What is the highest common divisor of 154 and 160270?
22
Calculate the highest common factor of 430 and 1260.
10
Calculate the greatest common divisor of 18072 and 1757.
251
Calculate the greatest common divisor of 33705 and 3549.
21
Calculate the greatest common divisor of 12 and 284346.
6
Calculate the highest common divisor of 161 and 3383093.
161
What is the greatest common factor of 51032 and 19?
1
What is the greatest common divisor of 1326 and 4121871?
663
What is the highest common divisor of 252 and 1566684?
252
What is the highest common factor of 279 and 219201?
93
Calculate the highest common divisor of 1235954 and 1986.
662
Calculate the highest common divisor of 363 and 5456.
11
What is the greatest common factor of 25182 and 72?
18
What is the highest common factor of 115017 and 42?
21
Calculate the greatest common factor of 279999 and 477.
477
What is the greatest common divisor of 13718 and 152?
38
Calculate the highest common factor of 2415 and 8715.
105
What is the highest common factor of 50 and 1997525?
25
Calculate the highest common divisor of 24756 and 636.
12
Calculate the greatest common factor of 29937 and 255.
51
What is the highest common divisor of 900 and 34740?
180
Calculate the highest common factor of 145853 and 471.
157
Calculate the greatest common divisor of 7615333 and 19.
19
Calculate the greatest common divisor of 493 and 5771.
29
Calculate the highest common divisor of 1482 and 101322.
78
Calculate the greatest common factor of 172 and 33282.
86
Calculate the greatest common divisor of 26320 and 3102.
94
What is the greatest common factor of 27 and 692091?
27
What is the greatest common factor of 43837 and 59?
59
What is the greatest common factor of 158 and 451485?
79
What is the greatest common factor of 7810500 and 1905?
1905
What is the highest common divisor of 381043 and 52?
13
Calculate the highest common factor of 50 and 84950.
50
What is the highest common divisor of 312 and 2644?
4
Calculate the greatest common factor of 3055067 and 437.
437
What is the greatest common divisor of 1958616 and 48?
24
What is the highest common factor of 141 and 599203?
47
Calculate the highest common divisor of 674 and 249380.
674
What is the greatest common factor of 21325 and 200?
25
What is the highest common divisor of 297 and 186?
3
Calculate the highest common divisor of 1578 and 24.
6
Calculate the greatest common factor of 87 and 2721.
3
What is the greatest common factor of 29912 and 24?
8
What is the highest common factor of 177 and 220247?
59
What is the highest common divisor of 9981 and 63?
9
What is the greatest common divisor of 1566 and 2052?
54
Calculate the highest common divisor of 93 and 217.
31
What is the highest common factor of 3170 and 2138482?
634
Calculate the greatest common divisor of 131004 and 432.
108
What is the highest common factor o